(f).
14
Let r(i) = i**3 - 8*i**2 - 11*i + 12. Let d be (2/(-2))/(4/248). Let n = d - -71. What is r(n)?
-6
Let b(s) = 2*s + 1. Let c(k) = 8*k + 2. Let t(i) = 2*b(i) - c(i). Let v = 8 - 6. What is t(v)?
-8
Let n(q) = 6*q**2 + 93*q + 11. Let t(p) = p**2 + 17*p + 2. Let a(z) = 2*n(z) - 11*t(z). What is a(3)?
6
Let k(s) be the first derivative of -s**2 - 24*s - 8. Let g be k(-14). Let m(n) = n**3 - 4*n**2 + 4*n - 4. Determine m(g).
12
Let c(x) = 2*x**3 + 4*x**2 + 3*x + 2. Suppose -4 = -n + 2*p, 0*n - 3*p - 6 = -5*n. Let y(l) = -4*l - 2. Let r be y(n). Determine c(r).
-4
Let u(f) = -2*f**2 + f. Let o be -1 + (-24)/(2 - 4). Suppose 0 = -2*c + 1 + o. Let w be c/27 - 28/(-36). What is u(w)?
-1
Let b(s) = -11*s + 2 - 3*s + s**2 + 13*s. Suppose 0*n = 5*n. Determine b(n).
2
Let m(x) = -2*x + 9. Let k be 2 - ((-2 - -5) + -29). Let z = -30 + 9. Let f = z + k. Give m(f).
-5
Let o(d) be the first derivative of d**3/3 + 5*d**2 - d - 238. Give o(-10).
-1
Suppose -56 = -5*m + 34. Let u = m - 10. Suppose -4*c + u = 12. Let w(q) = 4*q - 1. Calculate w(c).
-5
Let a be (9/(27/(-12)) + 6)/(-2). Let f(t) = -15*t**3 - t**2 - t - 1. Give f(a).
14
Let h(x) = x**2 + 4*x - 3. Suppose 3*l - l = -2. Let u be 2 - l - (-52 - -10). Suppose f + 4*m = -4*f - u, 0 = -f + 5*m + 20. Calculate h(f).
2
Let t(f) = 2*f - 1. Let o be 15/24 - 1 - 430/(-80). Calculate t(o).
9
Let z = 334 + -340. Let n(x) = x**3 + 6*x**2 - 2. What is n(z)?
-2
Let n(y) be the first derivative of -y**6/360 - y**5/40 + 5*y**4/24 + 5*y**3 - 9. Let a(k) be the third derivative of n(k). Calculate a(-4).
1
Suppose 68*i = 65*i + 3. Let a(r) = r + 1. Let c(q) = -8*q - 1. Let m(l) = l**2 + l - 5. Let k be m(-3). Let v(y) = k*a(y) + c(y). Determine v(i).
-7
Let c(p) = p - 19. Suppose 4*k - 12 = -4*v, 5*v - 12 = -37. Calculate c(k).
-11
Suppose 5*s - 1 = 3*t + 8, 2*s = 2*t + 2. Suppose -20 = -s*r + 8*r. Let o(j) be the third derivative of j**4/24 + j**3/6 - 2*j**2. Calculate o(r).
-3
Let c(u) = 18863 - u + 15*u**2 - 18863. Determine c(-1).
16
Let i(k) = -8*k**2 + 2 + 168672*k**3 + 8 - 168671*k**3. Calculate i(8).
10
Let d(z) = -z**3 - 5*z**2 - 5*z - 6. Let s be d(-4). Let m = 5 + s. Suppose -5*p + 25 = 0, -2*q + p = m*q + 15. Let w(k) = k - 2. What is w(q)?
-4
Suppose 14*u - 4*u = 30. Let w(s) = 686 - 340 - 346 + u*s. Let x be (6/(-10))/(2/(-10)). Determine w(x).
9
Let m(p) be the second derivative of -p**4/12 - 2*p**3/3 - 7*p**2/2 - 33*p. What is m(-7)?
-28
Let j(q) = -2*q + 10. Let m(f) = -6*f - 4. Let w be m(-3). Suppose 0 = -21*y + 18*y + 9. Suppose -y*v + v = -w. Calculate j(v).
-4
Suppose 3*p = -26 + 14. Let r(i) = i**2 + 4*i + 3. Let y be r(p). Let x = -5 + y. Let a(l) = -6*l - 3. Give a(x).
9
Let y(n) be the third derivative of 1/3*n**4 + 1/2*n**3 + 0 + 14*n**2 + 1/30*n**5 - 2*n. What is y(-5)?
13
Let f = -188 + 190. Let p(w) be the second derivative of -1/6*w**3 - 3*w + 0 + f*w**2. Calculate p(6).
-2
Let y(n) = 4. Let j(o) = 1. Let h(u) = -3*j(u) + y(u). Let b(z) = z**2 - 3*z + 6. Let i(r) = b(r) - 5*h(r). What is i(1)?
-1
Suppose 4*f + y - 25 = 0, f - y = 2*f - 7. Let h = f + -2. Let j(x) = -164 - x + 327 - 160. Give j(h).
-1
Let w(y) = 5*y + 4. Let r be -3*(-3 - -10 - 40/6). Calculate w(r).
-1
Let r(b) = -1667 - 1673 + 3328 + b. What is r(16)?
4
Suppose -14*y + 12*y = 5*z + 12, 5*y = 3*z + 32. Let r(c) be the third derivative of 0*c**3 - 2/15*c**5 - 1/24*c**y + 0 + 0*c + 3*c**2. Calculate r(1).
-9
Let s(y) be the second derivative of -11*y**3/6 + 9*y. Let m = -38 - -39. Calculate s(m).
-11
Let a(b) = b**3 + 8*b**2 - 2*b - 11. Suppose -3*u + 50 = -8*u - 5*r, -u = -3*r + 2. Give a(u).
5
Let p(u) = 57*u + 13. Let n(g) = -70*g - 13. Let y(m) = 4*n(m) + 5*p(m). Give y(-7).
-22
Let k(i) be the first derivative of -i**4/4 + 2*i**3 - i**2/2 - i + 8. Let q be (-4)/10 + 335/25. Suppose -q = -3*w + 5. What is k(w)?
-7
Let k(q) = -q**3 - 9*q**2 + 2*q - 3. Suppose 21 = -4*i - 2*w - 5, -3*w = -15. Determine k(i).
-21
Let d(o) = o + 1. Let z be d(2). Let p(j) = 0*j**2 - 2*j + 1 - z*j**3 + 2*j**2 - 4*j**3. Let x(g) = g**3 + 7*g**2 + 13*g + 4. Let f be x(-3). Determine p(f).
-6
Let k(r) = -r**2 - 5*r + 2. Let s = -321 - -314. Calculate k(s).
-12
Suppose 5*k + 24 - 44 = 0. Let v be ((-3)/(-3))/(k/(-28)). Let w(h) = -h**3 - 8*h**2 - 11*h - 8. Determine w(v).
20
Let o(d) be the second derivative of -d**6/720 + d**5/120 - 19*d**4/6 - 15*d. Let p(u) be the third derivative of o(u). Determine p(-2).
3
Let n = -554 - -551. Let l(v) be the third derivative of -v**5/60 - 5*v**4/24 + v**3/2 + 6*v**2. Determine l(n).
9
Let b(n) = n**2 - 7*n - 4. Let q(u) = -u**2 + u + 140. Let v be q(-11). What is b(v)?
4
Let s(x) = 18*x**3 + 12*x**2 - 19*x - 3. Let k(b) = -50*b**3 - 36*b**2 + 56*b + 11. Let y(i) = 4*k(i) + 11*s(i). What is y(-7)?
4
Let r(f) = 3*f**2 - 2*f + 2. Suppose 7*x = 2 - 2. Suppose x = 2*t - 0 - 4. Determine r(t).
10
Let s(d) = d**3 - 7*d**2 - 9*d + 3. Let a(w) = w**3 - 6*w**2 + w + 2. Let z = -4 + 10. Let c be a(z). What is s(c)?
-5
Let l be (3/12)/((-31)/(-620)). Let y(c) = 3*c**2 - 15*c - 3. What is y(l)?
-3
Let r(m) be the second derivative of -m**4/4 + m**3/6 + m**2 + 6*m. Suppose -39 = 7*b - 53. Give r(b).
-8
Suppose -222 = -13*z - 209. Let c(g) = 15*g**2 - 1. Calculate c(z).
14
Let p = 3 - 2. Let y(f) = 98*f + 1. Let d(w) = -67*w - 1. Let b(m) = 3*d(m) + 2*y(m). What is b(p)?
-6
Let v(i) = -i - 7. Let d(a) = 1. Let x be (8/(-2))/(-2) - 1. Let c(j) = x*v(j) + 6*d(j). Let m(r) = -r**2 + 14*r + 18. Let s be m(15). Determine c(s).
-4
Let a be (3/6)/((-1)/16). Let z(h) = 7*h**3 + 7*h**2 - 9*h + 1. Let c(q) = 20*q**3 + 21*q**2 - 27*q + 2. Let r(x) = 6*c(x) - 17*z(x). Give r(a).
3
Let q(t) be the first derivative of -t**3/3 - t**2/2 - 5*t + 14. Let c be -2 - (4 - -1)*(-6)/15. Give q(c).
-5
Suppose -4*u = r - 2, 3*u + 1 = -r + 3. Let k(t) = 5*t**2 + t - 2. Determine k(r).
20
Suppose 5*z - 2*a - 17 + 48 = 0, -2*z - 2*a - 18 = 0. Let c(j) = 3*j - 3. Let g(v) = -6*v + 7. Let p(s) = z*c(s) - 3*g(s). What is p(2)?
-6
Let v(o) = o**2 + 1. Let c(j) = -2*j**2 - 3*j - 1. Let r(w) = -c(w) - 4*v(w). Give r(3).
-12
Suppose -o - 15 = 4*s, -2*o = -o + s. Let t = o - -4. Suppose -2*m + t - 7 = 0. Let z(y) = -5*y. Determine z(m).
-5
Let v(i) be the second derivative of -i**5/20 + i**4/3 + 3*i**3/2 - 7*i**2 - 18*i. Determine v(5).
6
Let t(c) = -3*c - 1. Let g(j) = -1. Let n(b) = 2*g(b) - t(b). Let v = 13 + -15. Determine n(v).
-7
Let g be ((-5)/(-2) - (-1 - -2))*2. Let b(u) = 130*u**2 - 7 + 22 + 0*u**3 - 119*u**2 - u**g - 11*u. Calculate b(10).
5
Let u(y) = -82*y**2 + 1 + 43*y**2 + 38*y**2 + 3. Suppose c - 6*c + 20 = 0. Determine u(c).
-12
Let z(n) = n + 4*n + n**2 - 35 + 30 + 14. Calculate z(-4).
5
Let j(i) be the first derivative of i**2/2 + 5*i + 292. Give j(3).
8
Let q(r) = -2*r**2 - r. Let t be (6 + 0 - 6) + -2. What is q(t)?
-6
Let z(o) = 72 - 10*o - 144 + 75 - o**3 - 8*o**2. Give z(-7).
24
Suppose 4 - 1 = -3*v. Let k(u) = -61*u - 19. Let n(s) = -133*s - 41. Let j(x) = -13*k(x) + 6*n(x). Determine j(v).
6
Let w(x) be the first derivative of -13*x**2/2 - x + 379. Let j = -9 - -10. Calculate w(j).
-14
Let x(o) be the first derivative of -o**4/4 - 4*o**3/3 - 2*o**2 + 5*o - 250. What is x(-4)?
21
Let m(u) = -u**2 - 5. Suppose -4*a + 6 = -f, 5*a + 6*f = 2*f + 18. Suppose -y = -a*y - 4. Give m(y).
-21
Suppose -4*l - 3*f = -8, 3*l + 3 = f - 4. Let d(r) = -31*r**3 + r**2. Determine d(l).
32
Let p = 111 - 106. Let m(n) be the second derivative of n**5/20 - n**4/2 + 2*n**3/3 + n**2/2 + 5*n. Calculate m(p).
-4
Suppose 8*o + 260 - 172 = 0. Let m(f) = f**2 + 11*f - 1. Give m(o).
-1
Suppose 3 = 2*h + o + 1, -3*o = 5*h - 3. Let f be h/(-6)*-4 - 4. Let p(m) = -m**2 + 0*m**2 + 1 + 3*m**2 - m**2. What is p(f)?
5
Let k(c) = c - 1. Let b(a) = a**3 - 6*a**2 - 5*a + 10. Let f(d) = b(d) + 2*k(d). Suppose -260 + 70 = -20*u - 70. Calculate f(u).
-10
Let l(h) = h**3 + 19*h**2 + 3*h. Let x(d) = -d**3 - 16*d**2 - 2*d. Let w(s) = 5*l(s) + 6*x(s). Determine w(-3).
9
Let u(j) be the third derivative of 0 + 1/12*j**4 + 13*j**2 + 0*j + 1/6*j**3. Determine u(-7).
-13
Let g(l) = -l. Let u be (0 - (-2)/(-6))/((-8)/(-96)). Give g(u).
4
Let n(w) = 15*w - 3. Let q(s) = 2*s**3 - 19*s**2 - 4*s - 62. Let x be q(10). What is n(x)?
-33
Let m(j) = 2*j**2 - 11*j - 34. Let z(n) =